-n**3 + 10*n**2 + 16*n - 13. What is the remainder when k(11) is divided by 11?
9
Suppose 0 = -30*p + 31*p - 6. Calculate the remainder when 18 is divided by p.
0
Suppose -3*t + 6 = -6. Let d(q) = 7*q**2 - 4*q - 7. Calculate the remainder when d(t) is divided by 23.
20
Suppose -790 + 126 = -8*n. What is the remainder when n is divided by 21?
20
Suppose -16 = -n - 2. Let y = 9 - 4. What is the remainder when n is divided by y?
4
Suppose 5*i - 31 + 11 = 0. Let u(j) = j**3 - 2*j**2 - j - 3. Let s be u(i). Suppose 0*c - s = -c. Calculate the remainder when c is divided by 9.
7
Suppose -3*v + 2*v = -26. Calculate the remainder when v is divided by 7.
5
Suppose a = -4*a + 15. Suppose a*s = -b + 59, 0 = 3*s + 5*b - 70 - 9. Suppose c - 4 = s. What is the remainder when c is divided by 12?
10
Let f = 1 - -25. What is the remainder when 48 is divided by f?
22
Let t be (4/(-6))/(6/(-387)). Let b = 13 + 2. Calculate the remainder when ((-1)/(-1) - 0)*t is divided by b.
13
Suppose -4*v = 33 + 3. Suppose -6*a + 112 = -2*a. Calculate the remainder when a is divided by 29/3 - 3/v.
8
Suppose 3*k = 2*t + 2*t - 25, -12 = 4*k. Suppose 4*a = t*r + 44, 5*r + 24 = -4*a + 68. What is the remainder when 20 is divided by a?
9
Suppose 12 = 3*p, 4*p = 5*h - 40 - 114. Suppose -4*i + 2*x = -44, 4*i - 3*x = -2 + 50. What is the remainder when h is divided by i?
7
Suppose -q = 3*q - 564. Suppose -2*o + q = -7. What is the remainder when o is divided by 15?
14
Suppose -4*q - f + 19 = 0, 5*q - q + 4*f - 16 = 0. Suppose -2*a - 11 + 0 = q*x, -a - 2*x = 3. What is the remainder when 1*2 + (0 - -9) is divided by a?
4
Let x(v) = v**3 - 3*v**2 - 6*v + 12. Let j = -16 - -33. Calculate the remainder when x(5) is divided by j.
15
Suppose 4*v - 4*f + f = -87, -4*v - 47 = 5*f. Let b be (-2)/6*(-2 - -35). Let j = b - v. What is the remainder when j is divided by 2?
1
Let d = -18 - 8. Let g = d - -76. Calculate the remainder when g is divided by 26.
24
What is the remainder when 6 is divided by (-2 + 4)*(4 - 25/10)?
0
Calculate the remainder when 87 is divided by (-26)/(-13) + (-24)/(-3).
7
Let b = 4 + 1. Suppose -b*l + 15 = 2*n, -5*l - n + 3 = -4*l. Suppose 8 = l*a - a. What is the remainder when a is divided by 2?
0
Let t = 0 + 2. Suppose 0 = -t*d + 12 + 10. What is the remainder when d is divided by 4 - (0 + 0/(-3))?
3
Suppose 4 = -t + 29. Calculate the remainder when t is divided by (-2)/(-7) + 282/42.
4
Let t(x) = -2*x - 6. What is the remainder when 36 is divided by t(-10)?
8
Let p = -217 - -396. Calculate the remainder when p is divided by 61.
57
Suppose c - 13 = -0. Let r(w) = 6*w - 6. Let q be 42/8 - (-2)/(-8). What is the remainder when r(q) is divided by c?
11
Suppose o + 3*o - 56 = -2*v, 2*v - 17 = -o. Let f = -76 + 127. Calculate the remainder when f is divided by o.
12
Let d = -3 + 8. Suppose k - d - 1 = 0. Suppose 3*i + 7 = -m - 2*i, 2*m - k = -5*i. What is the remainder when 36 is divided by m?
10
Let z = -20 - -60. What is the remainder when z is divided by 15?
10
Suppose -2*b + 36 + 28 = 0. Calculate the remainder when b is divided by 18.
14
Let j(z) = -5*z**3 - 2*z**2 + 6 - 3 - z + 4*z. Suppose -28 = -4*w + 4*n, -2*w = 2*w + 2*n - 46. Calculate the remainder when j(-2) is divided by w.
9
Suppose 0 = -3*r - 144 + 390. Calculate the remainder when r is divided by 28.
26
Suppose -3*x - 2*f + 0*f = 59, 2*f - 109 = 5*x. Let n = x + 61. What is the remainder when n is divided by 14?
12
Let s = -4 + 9. Calculate the remainder when 19 is divided by s.
4
Suppose 2*f - 6 = 6. Let j(n) = 2*n**2 - 4*n + 1. Calculate the remainder when j(4) is divided by f.
5
Let s(z) = z + 5. Let m = 2 - -3. Suppose -5*f + 3*y + 110 = -y, 5*f - 95 = y. What is the remainder when f is divided by s(m)?
8
Let a(x) = -x**3 + x**2 - 2*x + 1. Let y be a(2). Let p = -4 - y. Suppose 4*k + p*f - 20 = 0, 2*k = 3*k + 2*f. Calculate the remainder when 23 is divided by k.
7
Let k be 2/(-1)*3 + 0. What is the remainder when 13 is divided by (-3)/(-2)*(-16)/k?
1
Suppose -5*g + 20 = 2*h + 1, -3*g = -5*h + 1. What is the remainder when 79 is divided by -3 + 14/h + 12?
15
Suppose -134 - 134 = -4*w. What is the remainder when w is divided by 17?
16
Suppose 3*q - 11*s - 15 = -14*s, -4*s = 8. What is the remainder when q is divided by 3?
1
Suppose 2*r = r + 38. Suppose -4*h = -8*h + 52. What is the remainder when r is divided by h?
12
Suppose 0 = 2*i - 4 - 14. Let l = i - -2. Calculate the remainder when l is divided by ((-8)/(-6))/(2/6).
3
Let g(f) = -6*f - 2. Let l be g(-3). Let n be (657/12)/(6/l). Let u = -81 + n. What is the remainder when u is divided by 22?
21
Suppose -f + 11 = 5. Calculate the remainder when f is divided by 4.
2
Let a(o) = -o**3 + 7*o**2 + 11*o + 1. Let p = 13 - 5. What is the remainder when a(p) is divided by 13?
12
Suppose -w = -5*w + 156. Let a be (9 - 4)*12/(-10). Calculate the remainder when w is divided by (6/(-1))/(a/20).
19
Let h(a) = a + 1. Let m be h(2). Suppose -t + 16 = m*t. What is the remainder when 9 is divided by t?
1
Let c = -294 - -459. What is the remainder when c is divided by 56?
53
Let o(j) = j**2 - j - 12. What is the remainder when 183 is divided by o(-4)?
7
Let z(a) = 34*a**2 - a. Let i(j) = j**3 - 2*j**2 - j. Let q be i(3). What is the remainder when z(-1) is divided by 15*q/9 + 2?
11
Let i = -9 + 13. Suppose 0 = -z - 2*m + 18, -1 + 22 = z + 5*m. Suppose 2*l - z = -i. Calculate the remainder when 16 is divided by l.
4
Let a = -23 + 8. Let x(o) = -o**3 - 15*o**2 + 9. Suppose -3*h = -0*h - 9. What is the remainder when x(a) is divided by h?
0
Suppose 8 + 5 = 3*b + u, 5*u = 4*b + 8. Suppose b*f - 8*f - 25 = 0. What is the remainder when (-2)/f + (-143)/(-5) is divided by 15?
14
Suppose 5*k = 15, -3*v + v - 3*k = -61. Let i = 97 - v. Suppose -4*y + 81 = -15. Calculate the remainder when i is divided by y.
23
Let p = -75 + 165. Calculate the remainder when p is divided by 23.
21
Let s = -17 + 35. Calculate the remainder when 69 is divided by s.
15
Let r(a) = a**2 - 3*a + 9. Calculate the remainder when r(0) is divided by 6.
3
Let i(n) = n**3 - 6*n**2 - 2*n + 14. Let t be i(6). Suppose 3*s - t*s + 10 = 4*v, -2*s + v + 15 = 0. What is the remainder when s is divided by 4?
2
Suppose -n + 8 - 2 = 0. Suppose 0 = 2*a - 5*w + n, w = -3*a - 2*a + 12. What is the remainder when 9 is divided by a?
1
Let a(j) = 8*j**2 + 4*j + 3. Let g be a(-3). Let s be -5*-3*(-14)/(-5). Let t = g - s. What is the remainder when 62 is divided by t?
20
Calculate the remainder when (-2 + 79)/7*(0 - -1) is divided by 9.
2
Suppose -5*k + 269 = -d - d, -4*k - 4*d + 232 = 0. Calculate the remainder when k is divided by 55/4 + 1/4.
13
Suppose 3*v = -5*c + 99, c - 1 = -5*v + 10. Calculate the remainder when 14 is divided by 1/(-4) - c/(-4).
4
Let v(n) be the first derivative of n**2 + 2*n - 1. Let l be v(-2). Calculate the remainder when (0 - -9)*l/(-3) is divided by 4.
2
Let g(x) = 20*x**2 + 2*x. Let p = -26 + 52. What is the remainder when g(-2) is divided by p?
24
Let a = 60 - 26. Suppose -5*y + 11 + a = 0. What is the remainder when 26 is divided by y?
8
Let c(z) = 4*z**3 + 15*z**2 - 7*z + 23. Let o(j) = j**3 + 4*j**2 - 2*j + 6. Let h(k) = 2*c(k) - 9*o(k). Calculate the remainder when 24 is divided by h(-7).
11
Let b(d) = -7*d**2 - 14*d - 17. Let m(p) = -3*p**2 - 7*p - 8. Let q(v) = 4*b(v) - 9*m(v). Calculate the remainder when 41 is divided by q(5).
13
Suppose 0 = -o + 6*o - 10. Suppose -8 = o*b - 4*b. Let g(q) = 4*q + 5. Calculate the remainder when g(b) is divided by 11.
10
Suppose -5*s = s - 18. Suppose 2*l = -2*l + 12. Suppose j - s*x - 9 = 15, -l*j + 12 = 3*x. Calculate the remainder when 25 is divided by j.
7
Let y(v) = -7*v + 9 - v**2 - 1 - 3. Calculate the remainder when y(-6) is divided by 3.
2
Suppose -3*t - 4*o = -51, 12 = 2*t - o - 11. Calculate the remainder when t is divided by 4.
1
Suppose 4*g = l + 9, -2*l - 6*g + 2*g = 42. Let t = l - -32. What is the remainder when 42 is divided by t?
12
Calculate the remainder when (-3556)/(-35) + (-6)/10 is divided by 34.
33
Suppose -5*p + 35 = 5*z, 3*p - 2*z - 9 = 2. Suppose -y + 2*b - 3*b + 1 = 0, 0 = -p*y + 2*b - 16. What is the remainder when 5 is divided by -9*(15/9 + y)?
2
Let r(y) = y**2 - 7*y + 9. Suppose -2*l = -5*l + 4*v + 21, -4*v - 35 